 = c, -p - 4*c = 2*p - 31. Let i(g) = -16*g - 15*g - 15*g + 71*g - 4*g - 6 - 19*g. Determine i(p).
4
Let u(o) = o + 1. Let k(z) = -6. Let a(x) = -k(x) - 4*u(x). Let q(p) = -4*p**2 + 3*p + 4. Let b be q(3). Let c = -20 - b. Calculate a(c).
-10
Let h be 51/68*(-4)/(-1). Suppose -2*w - h*g + 4 - 11 = 0, -3*w - 16 = -g. Let j(l) = l**3 + 6*l**2 + 6*l + 4. Give j(w).
-1
Let z(q) = q + 1. Let p(b) = -6*b + 17. Let i be p(0). Suppose 3*u + w = -14, 13*u + 5*w = i*u + 6. Calculate z(u).
-3
Let w(f) = -2*f**3 + 2*f - 3*f + 1070*f**2 - 1064*f**2 + 2 - 2. Give w(3).
-3
Let k be ((-54)/45)/((4/(-20))/1). Let x(d) = -3*d**2 + 10*d + 20. Calculate x(k).
-28
Let s = 679 + -839. Let a = s - -165. Let x(k) = k**2 - 7*k + 3. What is x(a)?
-7
Let o(l) = 208 - 13*l + 0*l + 143 - 312 - 7*l. What is o(2)?
-1
Let k = 130 + -138. Let c be k/(-48)*873*4/(-6). Let h = -94 - c. Let w(r) = -r**3 + 4*r - 3. Give w(h).
-18
Let z be 2/12 + (-335)/30. Let f(n) = -2*n - 25. Let g(i) = -i - 13. Let x(h) = z*g(h) + 6*f(h). Suppose 0 = -8*a + 5*a + 12, -4*v - 3*a = 12. Determine x(v).
-1
Suppose -33*p + 72 = 6. Let s(o) = -8*o**2 + 591*o + 15*o**3 + 9*o**p - 590*o. Calculate s(-1).
-15
Let o(u) = 3*u**2 + 16*u - 11. Let t(y) be the second derivative of -y**4/12 - 4*y**3/3 + 3*y**2 + 30*y. Let k(d) = 2*o(d) + 5*t(d). Determine k(5).
-7
Suppose 2*l - 7 = -1. Let x(w) = -15 + 501*w - 1000*w + 498*w. Let s(a) = 3*a + 43. Let c(k) = -6*s(k) - 17*x(k). Determine c(l).
-6
Let h(r) = r**2 - 121*r - 2204. Let m be h(-16). Let f(g) = -11*g - 122. What is f(m)?
10
Let i(r) be the third derivative of -r**4/6 + 31*r**3/6 - 4*r**2 + 355. Determine i(0).
31
Let a(m) = 26*m - 178. Let d be a(7). Let o(s) = -4*s + 2*s + 7 - 6*s + s. Let r(v) = 48*v - 48. Let g(t) = 27*o(t) + 4*r(t). Give g(d).
9
Suppose -t + 6 = t. Let p(g) = g - 1. Let z be ((-184)/276)/(1*4/(-6)). Let c(s) = -2*s**2 + 7*s - 2. Let y(k) = z*c(k) - 4*p(k). Calculate y(t).
-7
Suppose 5*r - 22 + 7 = 0. Let s(v) = 2957*v**2 - 5*v - 9. Let d(t) = 5421*t**2 - 9*t - 17. Let m(i) = 6*d(i) - 11*s(i). Determine m(r).
-9
Let a(r) be the third derivative of r**5/60 - 11*r**4/24 + 4*r**3 - 4*r**2 + 13. Suppose -g + 11*o + 17 = 6*o, -2*o - 4 = 0. Determine a(g).
-4
Let g(v) = v**2 - v - 4. Let w(x) = -7*x**2 + 9*x + 14. Let a(u) = -4*g(u) - w(u). Give a(4).
30
Let s(m) be the first derivative of 4/3*m**3 + 21 - 5/2*m**2 - 1/4*m**4 + 2*m. Calculate s(4).
-18
Let v(d) = -4697461*d + 2*d**2 - 6 + 6*d**2 + 4697493*d. Calculate v(-4).
-6
Let z(w) be the second derivative of w**4/12 + 13*w**3/6 - w**2/2 + 7*w - 20. Give z(-16).
47
Suppose -v + 3*m = -11, v - 20 = 4*m - 6. Let k(a) = 15 + a**v - 14 + 0 + a + 3*a**3. Give k(-1).
-2
Let k(a) = 7*a + 3. Let m = -844 - -827. Let y = 30 - 45. Let j = m - y. Determine k(j).
-11
Let g(t) be the first derivative of -10*t**3/3 + t**2 + 3*t + 1730. What is g(3)?
-81
Let h(g) = g - 3. Let z = -17 - -28. Let j = z + -23. Let q be (0 - 0)*(j/4)/6. Determine h(q).
-3
Let x(c) = -371*c - 4821. Let h be x(-13). Let n(g) = -9*g**3 - 3*g**2 + 4. Determine n(h).
-80
Let p(m) = -6*m**2 - 40*m + 10. Suppose t = 2*k + 20, -3*k - 342*t = -346*t + 45. Determine p(k).
-4
Let t(k) = k + 12. Let v be t(-6). Suppose -v*z - 14 = -50. Let l(a) = -186 + 182 - 4*a + z*a. Calculate l(-4).
-12
Let f(b) = -b**2 + 26*b + 104. Let q be f(27). Suppose q - 83 = k. Let w(c) = 4*c + 13. What is w(k)?
-11
Let c(p) be the second derivative of -2 + 2/3*p**3 - 6*p - 4*p**2. Calculate c(6).
16
Let w be 11 + -3 + (30 - 31). Let p(o) = 5*o**2 - 5*o + 15. Let l(b) = -b**2 - b. Let z(u) = 4*l(u) + p(u). Calculate z(w).
1
Let q(z) be the third derivative of z**5/60 - z**4/8 - 11*z**3/6 - 2*z**2 - 4*z - 1045. What is q(6)?
7
Suppose -n = 4*n + q - 42, 32 = 5*n - 4*q. Let t(m) be the second derivative of -4*m + 14*m**2 - 21*m**2 - 2*m**3 + m**3 + n*m**2. Determine t(-2).
14
Let q = 7386 - 7358. Let a(n) = -13*n + 360. Determine a(q).
-4
Suppose 0 = 2*o - 4*o - 3*x + 8, 0 = 2*o + x - 4. Let q be 15/(-10)*48/(-9). Let u(t) = -8 + 18 - q + 5*t - 1. Determine u(o).
6
Let a(p) = 19*p**2 - 23*p + 54. Let i(w) = -25*w**2 + 26*w - 53. Let t(q) = 4*a(q) + 3*i(q). What is t(9)?
12
Suppose 0 = 5*d - 5*w - 44 - 51, 5*d - 75 = w. Suppose -4*u + d = -u - y, 24 = 4*u + 4*y. Let o(h) = -h**2 + 3*h + 1. Give o(u).
-9
Let n(p) = -4088*p + 3 + 8144*p - 4057*p + p**2. Give n(0).
3
Let n(q) be the first derivative of -10*q**2 + 1/12*q**5 - 36 + 0*q**4 + 0*q + 7/6*q**3 - 1/120*q**6. Let r(j) be the second derivative of n(j). What is r(6)?
-29
Let z(a) = -a**2 + 9*a - 6. Let f(u) be the third derivative of -u**6/120 - u**5/20 + 19*u**4/24 + 7*u**3/3 - 3*u**2. Let d be f(-6). Calculate z(d).
2
Let w(h) = -3*h**3 + 23*h**2 + 19*h + 38. Let z(o) = -2*o**3 + o**2 + 21*o. Let p(b) = -w(b) + z(b). Calculate p(22).
6
Let m(k) = -6 - k**2 + 493*k + 689*k - 1869*k + 686*k. Let x(d) = d - 2. Let p be x(2). Calculate m(p).
-6
Let b(x) = x**2 + 2*x - 1. Let v(d) = -d + 48. Let k be v(-21). Let p = -64 + k. Suppose -5*c + p - 25 = 0. Calculate b(c).
7
Suppose -2*a - 13 = -f, 1 = 3*f - 6*f - 4*a. Let l(y) = -6 - f + 9 - y + 4. Give l(8).
-6
Let u(h) be the third derivative of h**4/24 + 16*h**3/3 - 3532*h**2 + 2*h. What is u(4)?
36
Let y(v) = 36*v**3 - 14*v**2 - 4*v - 17. Let t(k) = -43*k**3 + 15*k**2 + 4*k + 18. Let o(s) = -5*t(s) - 6*y(s). What is o(9)?
48
Let w(a) = 4*a + 251*a**2 + a**3 - 147*a**2 - 113*a**2 + 5. Determine w(7).
-65
Let z(h) be the third derivative of h**5/30 - 5*h**4/8 + 9*h**3/2 + 149*h**2. Let a be z(2). Let t(s) = -5*s + 29. Determine t(a).
4
Let b(n) = n**2 - 2*n + 2. Suppose 4*j = 139 - 11. Suppose -j = -3*c - c. Suppose 0 = -2*i - 4 + c. What is b(i)?
2
Let s(c) = -2*c**2 - 4*c + 6. Let d = -54 - -55. Let o(n) = n - 1. Let h(l) = d*s(l) + 4*o(l). Suppose 2*a + 3*t - t - 10 = 0, -4*t = -a - 10. Calculate h(a).
-6
Let x(h) = -383*h - 8797. Let k be x(-23). Let a(g) = -g**3 + 12*g**2 + 2*g - 20. Give a(k).
4
Let b(y) = -384*y - 5751. Let q be b(-15). Let v(l) = -2*l**3 + 19*l**2 - 10*l + 15. What is v(q)?
6
Let y(m) be the first derivative of 286 + 1/3*m**3 - 2*m - 5*m**2. What is y(8)?
-18
Let i(y) = y + 4. Let d(p) = -3*p + 22. Let k be d(6). Suppose u + 10 = 4*g + 4*u, 22 = k*g - 3*u. Let f be 3 - (-10)/g*8/10. Give i(f).
9
Let i(l) = -147*l - 1480. Let y be i(-10). Let g(b) = -2*b + 16. Calculate g(y).
36
Let f(q) = 53*q - 298. Let a(t) = 29*t - 141. Let y(j) = -5*a(j) + 3*f(j). What is y(14)?
7
Let a(w) = w**3 - 3*w**2 - 6*w + 18. Let x be a(3). Let l(s) = -2*s + 2*s**2 + 406 - 405 + x*s**2. Calculate l(2).
5
Let i(u) = -14*u - 36. Let c = -12443 - -12440. Give i(c).
6
Suppose 1 + 5 = -2*q, 4*s + 22 = -2*q. Let p(o) be the second derivative of -o**4/12 - o**3/3 + 5*o**2/2 + 1121*o. Determine p(s).
-3
Let m(u) = -u**2 - 10. Let t(p) = -20*p - 15. Let c be t(-1). Suppose -3*j - 4*y - 1 + 13 = 0, c*y = 5*j + 15. Give m(j).
-10
Let w(k) = k**2 - k - 1. Let x(q) = 2*q**2 + 7*q - 12. Let b(d) = -3*w(d) + x(d). Suppose 4*a - 16 = 3*c, 0 = -a + 2020*c - 2021*c + 11. What is b(a)?
12
Let i(q) be the second derivative of q**6/360 - 13*q**5/120 + 7*q**4/24 - 49*q**3/3 - 4*q - 10. Let t(m) be the second derivative of i(m). What is t(12)?
-5
Let d = 61 + -24. Suppose d*k = 22*k - 195. Let f(b) = -b - 7. Calculate f(k).
6
Let p(z) be the second derivative of 31 + 1/5*z**5 + z + 1/2*z**2 + 1/12*z**4 + 1/6*z**3. Determine p(-1).
-3
Let t(k) = k**3 + 9*k**2 + 12*k + 2. Suppose -5*b - 35 = -5*z, 33*b - 30*b + 21 = -4*z. Calculate t(b).
16
Let v(k) = -152 + 122 - 11 + k**2. Calculate v(0).
-41
Let d(c) = 32*c**3 - 78*c**2 + 14*c + 11. Let s(q) = 7*q**3 - 19*q**2 + 3*q + 3. Let u(p) = 2*d(p) - 9*s(p). Give u(-15).
-20
Let c(g) = -g**2 - 8*g - 25. Let w = 785 - 794. Determine c(w).
-34
Suppose -n + 10 = 11. Let s be 6*14/(-56) - n/(-2). Let i(h) = -h**3 - h**2 + 3*h. Give i(s).
-2
Suppose -2*j - 15*j + 198 = -6*j. Let y(x) = x - 26. What is y(j)?
-8
Let a = 12785 + -12793. Let r(b) = -b**3 - 8*b**2 + 3*b + 27. Determine r(a).
3
Let k(p) = -18*p - 87. Let g be ((-24)/(-22))/((-1060)/(-1166)) + (-31)/5. Give k(g).
3
Suppose -n = p, -16*n + 2 = -18*n - 3*p. Let v = -1 + 3. Let d(a) = -9*a + 7 - 18*a**3 - 5*a**2 + 19*a**3 - 4*a**v + 2*a**n. Calculate d(8).
-1
Let f be -1*(-3)/(